{"id":1931,"date":"2019-03-06T12:44:59","date_gmt":"2019-03-06T12:44:59","guid":{"rendered":"https:\/\/im8hoursahead.com\/cat\/?page_id=1931"},"modified":"2021-04-21T11:46:24","modified_gmt":"2021-04-21T11:46:24","slug":"videos","status":"publish","type":"page","link":"https:\/\/im8hoursahead.com\/cat\/videos\/","title":{"rendered":"V\u00eddeos"},"content":{"rendered":"<p>[et_pb_section fb_built=&#8221;1&#8243; fullwidth=&#8221;on&#8221; admin_label=&#8221;Header&#8221; _builder_version=&#8221;3.29.1&#8243; background_color=&#8221;#000000&#8243;][et_pb_fullwidth_slider _builder_version=&#8221;4.9.3&#8243; header_font=&#8221;Montserrat|800||on|||||&#8221; header_font_size=&#8221;6vw&#8221; header_line_height=&#8221;1.2em&#8221; body_line_height=&#8221;1.8em&#8221; custom_button=&#8221;on&#8221; button_text_size=&#8221;14px&#8221; button_text_color=&#8221;#ffffff&#8221; button_bg_color=&#8221;#f9002b&#8221; button_border_width=&#8221;0px&#8221; button_letter_spacing=&#8221;2px&#8221; button_font=&#8221;Montserrat|600||on|||||&#8221; button_icon=&#8221;%%129%%&#8221; button_icon_placement=&#8221;left&#8221; button_on_hover=&#8221;off&#8221; button_custom_margin=&#8221;40px||||false|false&#8221; button_custom_padding=&#8221;16px|26px|16px|46px|true|false&#8221; text_orientation=&#8221;left&#8221; custom_padding=&#8221;10vw|6%|10vw|6%|true|true&#8221; custom_padding_tablet=&#8221;|10vw||10vw|true|true&#8221; custom_padding_phone=&#8221;&#8221; custom_padding_last_edited=&#8221;on|phone&#8221; hover_enabled=&#8221;0&#8243; button_bg_color__hover_enabled=&#8221;on|desktop&#8221; button_bg_color__hover=&#8221;#6e42ff&#8221; button_bg_enable_color__hover=&#8221;on&#8221; sticky_enabled=&#8221;0&#8243;][et_pb_slide heading=&#8221;Tens els cascos posats?&#8221; _builder_version=&#8221;4.9.3&#8243; header_font=&#8221;Roboto Mono|800||on|||||&#8221; header_font_size=&#8221;4vw&#8221; use_background_color_gradient=&#8221;on&#8221; background_color_gradient_start=&#8221;rgba(0,0,0,0)&#8221; background_color_gradient_end=&#8221;#000000&#8243; background_color_gradient_overlays_image=&#8221;on&#8221; background_image=&#8221;https:\/\/im8hoursahead.com\/cat\/wp-content\/uploads\/sites\/3\/2020\/11\/movie-02.jpg&#8221; background_enable_image=&#8221;on&#8221; hover_enabled=&#8221;0&#8243; sticky_transition=&#8221;on&#8221; sticky_enabled=&#8221;0&#8243;][\/et_pb_slide][\/et_pb_fullwidth_slider][\/et_pb_section][et_pb_section fb_built=&#8221;1&#8243; _builder_version=&#8221;4.9.3&#8243; background_color=&#8221;RGBA(0,0,0,0)&#8221;][et_pb_row column_structure=&#8221;1_2,1_2&#8243; use_custom_gutter=&#8221;on&#8221; gutter_width=&#8221;1&#8243; make_equal=&#8221;on&#8221; _builder_version=&#8221;4.9.3&#8243; _module_preset=&#8221;default&#8221; custom_margin=&#8221;0px||0px||false|false&#8221; custom_padding=&#8221;0px||0px||false|false&#8221;][et_pb_column type=&#8221;1_2&#8243; _builder_version=&#8221;4.9.3&#8243; _module_preset=&#8221;default&#8221;][et_pb_video src=&#8221;https:\/\/youtu.be\/J3kgwnu1zYw&#8221; image_src=&#8221;https:\/\/im8hoursahead.com\/cat\/wp-content\/uploads\/sites\/3\/2021\/04\/SAMARA-STAR-BED.jpg&#8221; play_icon_color=&#8221;#FFFFFF&#8221; use_icon_font_size=&#8221;on&#8221; icon_font_size=&#8221;76px&#8221; thumbnail_overlay_color=&#8221;RGBA(0,0,0,0)&#8221; _builder_version=&#8221;4.9.3&#8243; _module_preset=&#8221;default&#8221; hover_enabled=&#8221;0&#8243; title_text=&#8221;SAMARA STAR BED&#8221; sticky_enabled=&#8221;0&#8243;][\/et_pb_video][\/et_pb_column][et_pb_column type=&#8221;1_2&#8243; _builder_version=&#8221;4.9.3&#8243; _module_preset=&#8221;default&#8221;][et_pb_blurb title=&#8221;Star Bed at Samara Private Game Reserve&#8221; use_icon=&#8221;on&#8221; font_icon=&#8221;%%23%%&#8221; icon_color=&#8221;#5E5768&#8243; use_icon_font_size=&#8221;on&#8221; icon_font_size=&#8221;73px&#8221; _builder_version=&#8221;4.9.3&#8243; _module_preset=&#8221;default&#8221; header_font=&#8221;Roboto||||||||&#8221; header_font_size=&#8221;33px&#8221; body_font=&#8221;||||||||&#8221; background_color=&#8221;RGBA(0,0,0,0)&#8221; text_orientation=&#8221;center&#8221; animation=&#8221;right&#8221;]<\/p>\n<p><span>The star bed room is in the middle of the reserve, perfect for a magical night. Watch the sunset from your room and listen to the animals! <\/span><span>#SweetDreams<\/span><\/p>\n<p>[\/et_pb_blurb][\/et_pb_column][\/et_pb_row][et_pb_row column_structure=&#8221;1_2,1_2&#8243; use_custom_gutter=&#8221;on&#8221; gutter_width=&#8221;1&#8243; make_equal=&#8221;on&#8221; _builder_version=&#8221;4.9.3&#8243; _module_preset=&#8221;default&#8221; custom_padding=&#8221;0px||0px||false|false&#8221;][et_pb_column type=&#8221;1_2&#8243; _builder_version=&#8221;4.9.3&#8243; _module_preset=&#8221;default&#8221;][et_pb_blurb title=&#8221;Cabanyes entre Valls tree house&#8221; use_icon=&#8221;on&#8221; font_icon=&#8221;%%24%%&#8221; icon_color=&#8221;#5E5768&#8243; use_icon_font_size=&#8221;on&#8221; icon_font_size=&#8221;73px&#8221; _builder_version=&#8221;4.9.3&#8243; _module_preset=&#8221;default&#8221; header_font=&#8221;Roboto||||||||&#8221; header_font_size=&#8221;33px&#8221; body_font=&#8221;||||||||&#8221; background_color=&#8221;RGBA(0,0,0,0)&#8221; text_orientation=&#8221;center&#8221; animation=&#8221;right&#8221;]<\/p>\n<p><span>Staying in this tree house two hours away from Barcelona is a dream! It has a private hot tub on your deck and the fireplace inside will make it an all year round destination. <\/span><span>#SweetDreams<\/span><\/p>\n<p>[\/et_pb_blurb][\/et_pb_column][et_pb_column type=&#8221;1_2&#8243; _builder_version=&#8221;4.9.3&#8243; _module_preset=&#8221;default&#8221;][et_pb_video src=&#8221;https:\/\/youtu.be\/AVPKOBrZLHw&#8221; image_src=&#8221;https:\/\/im8hoursahead.com\/cat\/wp-content\/uploads\/sites\/3\/2021\/04\/CABANYES-ENTRE-VALLS-.jpg&#8221; play_icon_color=&#8221;#FFFFFF&#8221; use_icon_font_size=&#8221;on&#8221; icon_font_size=&#8221;76px&#8221; thumbnail_overlay_color=&#8221;RGBA(0,0,0,0)&#8221; _builder_version=&#8221;4.9.3&#8243; _module_preset=&#8221;default&#8221; hover_enabled=&#8221;0&#8243; title_text=&#8221;CABANYES-ENTRE-VALLS-&#8221; sticky_enabled=&#8221;0&#8243;][\/et_pb_video][\/et_pb_column][\/et_pb_row][et_pb_row column_structure=&#8221;1_2,1_2&#8243; use_custom_gutter=&#8221;on&#8221; gutter_width=&#8221;1&#8243; make_equal=&#8221;on&#8221; _builder_version=&#8221;4.9.3&#8243; _module_preset=&#8221;default&#8221; custom_padding=&#8221;0px||0px||false|false&#8221;][et_pb_column type=&#8221;1_2&#8243; _builder_version=&#8221;4.9.3&#8243; _module_preset=&#8221;default&#8221;][et_pb_video src=&#8221;https:\/\/youtu.be\/HK2B5ZuLZV4&#8243; image_src=&#8221;https:\/\/im8hoursahead.com\/cat\/wp-content\/uploads\/sites\/3\/2021\/04\/7.jpg&#8221; play_icon_color=&#8221;#FFFFFF&#8221; use_icon_font_size=&#8221;on&#8221; icon_font_size=&#8221;76px&#8221; thumbnail_overlay_color=&#8221;RGBA(0,0,0,0)&#8221; _builder_version=&#8221;4.9.3&#8243; _module_preset=&#8221;default&#8221; hover_enabled=&#8221;0&#8243; title_text=&#8221;7&#8243; sticky_enabled=&#8221;0&#8243;][\/et_pb_video][\/et_pb_column][et_pb_column type=&#8221;1_2&#8243; _builder_version=&#8221;4.9.3&#8243; _module_preset=&#8221;default&#8221;][et_pb_blurb title=&#8221;Carros de Foc Multi day hike&#8221; use_icon=&#8221;on&#8221; font_icon=&#8221;%%23%%&#8221; icon_color=&#8221;#5E5768&#8243; use_icon_font_size=&#8221;on&#8221; icon_font_size=&#8221;73px&#8221; _builder_version=&#8221;4.9.3&#8243; _module_preset=&#8221;default&#8221; header_font=&#8221;Roboto||||||||&#8221; header_font_size=&#8221;33px&#8221; body_font=&#8221;||||||||&#8221; background_color=&#8221;RGBA(0,0,0,0)&#8221; text_orientation=&#8221;center&#8221; animation=&#8221;right&#8221;]<\/p>\n<p><span>An amazing 5 day multi day hike in the Catalan Pyrenees. The landscapes change dramatically from day to day, offering incredible views of mountains and lakes while you get to your next hut. Cinematic Video<\/span><\/p>\n<p>[\/et_pb_blurb][\/et_pb_column][\/et_pb_row][et_pb_row column_structure=&#8221;1_2,1_2&#8243; use_custom_gutter=&#8221;on&#8221; gutter_width=&#8221;1&#8243; make_equal=&#8221;on&#8221; _builder_version=&#8221;4.9.3&#8243; _module_preset=&#8221;default&#8221; custom_padding=&#8221;0px||0px||false|false&#8221;][et_pb_column type=&#8221;1_2&#8243; _builder_version=&#8221;4.9.3&#8243; _module_preset=&#8221;default&#8221;][et_pb_blurb title=&#8221;Lofoten Islands &#038; Northern Norway&#8221; use_icon=&#8221;on&#8221; font_icon=&#8221;%%24%%&#8221; icon_color=&#8221;#5E5768&#8243; use_icon_font_size=&#8221;on&#8221; icon_font_size=&#8221;73px&#8221; _builder_version=&#8221;4.9.3&#8243; _module_preset=&#8221;default&#8221; header_font=&#8221;Roboto||||||||&#8221; header_font_size=&#8221;33px&#8221; body_font=&#8221;||||||||&#8221; background_color=&#8221;RGBA(0,0,0,0)&#8221; text_orientation=&#8221;center&#8221; animation=&#8221;right&#8221;]<\/p>\n<p>10 day road trip around Lofoten Islands, Senja and Northern Norway. Stunning mountain cliffs, hikes and fisherman villages. Cinematic video<\/p>\n<p>[\/et_pb_blurb][\/et_pb_column][et_pb_column type=&#8221;1_2&#8243; _builder_version=&#8221;4.9.3&#8243; _module_preset=&#8221;default&#8221;][et_pb_video src=&#8221;https:\/\/www.youtube.com\/watch?v=5NLExugEWk0&#038;ab_channel=I%27M8HOURSAHEAD&#8221; image_src=&#8221;https:\/\/im8hoursahead.com\/cat\/wp-content\/uploads\/sites\/3\/2021\/04\/6.jpg&#8221; _builder_version=&#8221;4.9.3&#8243; _module_preset=&#8221;default&#8221; hover_enabled=&#8221;0&#8243; title_text=&#8221;6&#8243; sticky_enabled=&#8221;0&#8243;][\/et_pb_video][\/et_pb_column][\/et_pb_row][et_pb_row column_structure=&#8221;1_2,1_2&#8243; use_custom_gutter=&#8221;on&#8221; gutter_width=&#8221;1&#8243; make_equal=&#8221;on&#8221; _builder_version=&#8221;4.9.3&#8243; _module_preset=&#8221;default&#8221; custom_padding=&#8221;0px||0px||false|false&#8221;][et_pb_column type=&#8221;1_2&#8243; _builder_version=&#8221;4.9.3&#8243; _module_preset=&#8221;default&#8221;][et_pb_video src=&#8221;https:\/\/www.youtube.com\/watch?v=HpNwerLE2aw&#038;ab_channel=I%27M8HOURSAHEAD&#8221; image_src=&#8221;https:\/\/im8hoursahead.com\/cat\/wp-content\/uploads\/sites\/3\/2021\/04\/DUBAI.jpg&#8221; _builder_version=&#8221;4.9.3&#8243; _module_preset=&#8221;default&#8221; hover_enabled=&#8221;0&#8243; title_text=&#8221;DUBAI&#8221; sticky_enabled=&#8221;0&#8243;][\/et_pb_video][\/et_pb_column][et_pb_column type=&#8221;1_2&#8243; _builder_version=&#8221;4.9.3&#8243; _module_preset=&#8221;default&#8221;][et_pb_blurb title=&#8221;Victoria Falls &#038; Chobe Day trip&#8221; use_icon=&#8221;on&#8221; font_icon=&#8221;%%23%%&#8221; icon_color=&#8221;#5E5768&#8243; use_icon_font_size=&#8221;on&#8221; icon_font_size=&#8221;73px&#8221; _builder_version=&#8221;4.9.3&#8243; _module_preset=&#8221;default&#8221; header_font=&#8221;Roboto||||||||&#8221; header_font_size=&#8221;33px&#8221; body_font=&#8221;||||||||&#8221; background_color=&#8221;RGBA(0,0,0,0)&#8221; text_orientation=&#8221;center&#8221; animation=&#8221;right&#8221;]<\/p>\n<p><span>Explore the 7th natural wonder of the world on a visual journey around best things to do. Travel to Botswana for a day trip to Chobe National Park. Cinematic Video<\/span><\/p>\n<p>[\/et_pb_blurb][\/et_pb_column][\/et_pb_row][et_pb_row column_structure=&#8221;1_2,1_2&#8243; use_custom_gutter=&#8221;on&#8221; gutter_width=&#8221;1&#8243; make_equal=&#8221;on&#8221; _builder_version=&#8221;4.9.3&#8243; _module_preset=&#8221;default&#8221; custom_padding=&#8221;0px||0px||false|false&#8221;][et_pb_column type=&#8221;1_2&#8243; _builder_version=&#8221;4.9.3&#8243; _module_preset=&#8221;default&#8221;][et_pb_blurb title=&#8221;Lofoten Islands &#038; Northern Norway&#8221; use_icon=&#8221;on&#8221; font_icon=&#8221;%%24%%&#8221; icon_color=&#8221;#5E5768&#8243; use_icon_font_size=&#8221;on&#8221; icon_font_size=&#8221;73px&#8221; _builder_version=&#8221;4.9.3&#8243; _module_preset=&#8221;default&#8221; header_font=&#8221;Roboto||||||||&#8221; header_font_size=&#8221;33px&#8221; body_font=&#8221;||||||||&#8221; background_color=&#8221;RGBA(0,0,0,0)&#8221; text_orientation=&#8221;center&#8221; animation=&#8221;right&#8221;]<\/p>\n<p>Explore the magnificent Okavango Delta in Botswana while staying at some of the most unique hotels the area has to offer. Cinematic video<\/p>\n<p>[\/et_pb_blurb][\/et_pb_column][et_pb_column type=&#8221;1_2&#8243; _builder_version=&#8221;4.9.3&#8243; _module_preset=&#8221;default&#8221;][et_pb_video src=&#8221;https:\/\/www.youtube.com\/watch?v=h0gmGcwqYUA&#038;ab_channel=I%27M8HOURSAHEAD&#8221; image_src=&#8221;https:\/\/im8hoursahead.com\/cat\/wp-content\/uploads\/sites\/3\/2021\/04\/8.jpg&#8221; _builder_version=&#8221;4.9.3&#8243; _module_preset=&#8221;default&#8221; hover_enabled=&#8221;0&#8243; title_text=&#8221;8&#8243; sticky_enabled=&#8221;0&#8243;][\/et_pb_video][\/et_pb_column][\/et_pb_row][\/et_pb_section][et_pb_section fb_built=&#8221;1&#8243; admin_label=&#8221;Footer&#8221; _builder_version=&#8221;4.7.0&#8243; use_background_color_gradient=&#8221;on&#8221; background_color_gradient_start=&#8221;#000000&#8243; background_color_gradient_end=&#8221;rgba(0,0,0,0)&#8221; background_color_gradient_end_position=&#8221;50%&#8221; background_color_gradient_overlays_image=&#8221;on&#8221; background_image=&#8221;https:\/\/im8hoursahead.com\/cat\/wp-content\/uploads\/sites\/3\/2020\/11\/movie-01.jpg&#8221; background_position=&#8221;top_center&#8221; locked=&#8221;off&#8221;][et_pb_row _builder_version=&#8221;3.29.1&#8243;][et_pb_column type=&#8221;4_4&#8243; _builder_version=&#8221;3.29.1&#8243;][et_pb_button button_url=&#8221;https:\/\/www.youtube.com\/channel\/UCSFAbSS8jHEFV7II3w85uAQ?sub_confirmation=1&#8243; url_new_window=&#8221;on&#8221; button_text=&#8221;SUBSCRIU-TE AL CANAL I NO ET PERDIS RES!&#8221; button_alignment=&#8221;center&#8221; _builder_version=&#8221;4.9.3&#8243; custom_button=&#8221;on&#8221; button_text_size=&#8221;18px&#8221; button_text_color=&#8221;#ffffff&#8221; button_bg_color=&#8221;#c39389&#8243; button_border_width=&#8221;0px&#8221; button_border_radius=&#8221;0px&#8221; button_letter_spacing=&#8221;2px&#8221; button_font=&#8221;Roboto|600||on|||||&#8221; button_icon=&#8221;%%307%%&#8221; button_icon_placement=&#8221;left&#8221; button_on_hover=&#8221;off&#8221; custom_margin=&#8221;||||false|false&#8221; custom_padding=&#8221;15px|25px|15px|38px|true|false&#8221; hover_enabled=&#8221;0&#8243; locked=&#8221;off&#8221; button_bg_color__hover=&#8221;#ffffff&#8221; button_bg_color__hover_enabled=&#8221;on|hover&#8221; button_bg_enable_color__hover=&#8221;on&#8221; button_text_color__hover_enabled=&#8221;on|desktop&#8221; button_text_color__hover=&#8221;#3a445d&#8221; sticky_enabled=&#8221;0&#8243;][\/et_pb_button][\/et_pb_column][\/et_pb_row][\/et_pb_section][et_pb_section fb_built=&#8221;1&#8243; _builder_version=&#8221;4.7.0&#8243; _module_preset=&#8221;default&#8221;][et_pb_row column_structure=&#8221;1_3,1_3,1_3&#8243; _builder_version=&#8221;4.9.3&#8243; _module_preset=&#8221;default&#8221;][et_pb_column type=&#8221;1_3&#8243; _builder_version=&#8221;4.9.3&#8243; _module_preset=&#8221;default&#8221;][et_pb_video src=&#8221;https:\/\/www.youtube.com\/watch?v=ex6bqqYaLBw&#038;ab_channel=I%27M8HOURSAHEAD&#8221; image_src=&#8221;https:\/\/im8hoursahead.com\/cat\/wp-content\/uploads\/sites\/3\/2021\/04\/10.jpg&#8221; _builder_version=&#8221;4.9.3&#8243; _module_preset=&#8221;default&#8221; hover_enabled=&#8221;0&#8243; sticky_enabled=&#8221;0&#8243;][\/et_pb_video][\/et_pb_column][et_pb_column type=&#8221;1_3&#8243; _builder_version=&#8221;4.9.3&#8243; _module_preset=&#8221;default&#8221;][et_pb_video src=&#8221;https:\/\/www.youtube.com\/watch?v=XQWusDP10I0&#038;ab_channel=I%27M8HOURSAHEAD&#8221; image_src=&#8221;https:\/\/im8hoursahead.com\/cat\/wp-content\/uploads\/sites\/3\/2018\/10\/saotomeandprincipeeverythingyouneedtoknow_7238-1.jpg&#8221; _builder_version=&#8221;4.9.3&#8243; _module_preset=&#8221;default&#8221;][\/et_pb_video][\/et_pb_column][et_pb_column type=&#8221;1_3&#8243; _builder_version=&#8221;4.9.3&#8243; _module_preset=&#8221;default&#8221;][et_pb_video src=&#8221;https:\/\/www.youtube.com\/watch?v=9obpFdtjZaQ&#038;ab_channel=I%27M8HOURSAHEAD&#8221; image_src=&#8221;https:\/\/im8hoursahead.com\/cat\/wp-content\/uploads\/sites\/3\/2021\/04\/5.jpg&#8221; _builder_version=&#8221;4.9.3&#8243; _module_preset=&#8221;default&#8221;][\/et_pb_video][\/et_pb_column][\/et_pb_row][\/et_pb_section]<\/p>\n","protected":false},"excerpt":{"rendered":"<p>Tots els v\u00eddeos de viatge d&#8217;I&#8217;M 8 HOURS AHEAD. Buscant vi\u00eddeos informatius sobre allotjaments \u00fanics? Prefereixes els v\u00eddeos cinem\u00e0tics dels viatges?<\/p>\n","protected":false},"author":8,"featured_media":0,"parent":0,"menu_order":0,"comment_status":"closed","ping_status":"closed","template":"","meta":{"_et_pb_use_builder":"on","_et_pb_old_content":"<!-- wp:heading {\"align\":\"center\",\"textColor\":\"8hours-charcoal\",\"style\":{\"typography\":{\"fontSize\":45}}} -->\n<h2 class=\"has-text-align-center has-8-hours-charcoal-color has-text-color\" style=\"font-size:45px\"><strong>TENS ELS CASCOS POSATS?<\/strong><\/h2>\n<!-- \/wp:heading -->\n\n<!-- wp:core-embed\/youtube {\"url\":\"https:\/\/www.youtube.com\/watch?v=HK2B5ZuLZV4\\u0026t=3s\\u0026ab_channel=I%27M8HOURSAHEAD\",\"type\":\"video\",\"providerNameSlug\":\"youtube\",\"className\":\"wp-embed-aspect-16-9 wp-has-aspect-ratio\"} -->\n<figure class=\"wp-block-embed-youtube wp-block-embed is-type-video is-provider-youtube wp-embed-aspect-16-9 wp-has-aspect-ratio\"><div class=\"wp-block-embed__wrapper\">\nhttps:\/\/www.youtube.com\/watch?v=HK2B5ZuLZV4&amp;t=3s&amp;ab_channel=I%27M8HOURSAHEAD\n<\/div><\/figure>\n<!-- \/wp:core-embed\/youtube -->\n\n<!-- wp:core-embed\/youtube {\"url\":\"https:\/\/www.youtube.com\/watch?v=5NLExugEWk0\\u0026t=2s\\u0026ab_channel=I%27M8HOURSAHEAD\",\"type\":\"video\",\"providerNameSlug\":\"youtube\",\"className\":\"wp-embed-aspect-16-9 wp-has-aspect-ratio\"} -->\n<figure class=\"wp-block-embed-youtube wp-block-embed is-type-video is-provider-youtube wp-embed-aspect-16-9 wp-has-aspect-ratio\"><div class=\"wp-block-embed__wrapper\">\nhttps:\/\/www.youtube.com\/watch?v=5NLExugEWk0&amp;t=2s&amp;ab_channel=I%27M8HOURSAHEAD\n<\/div><\/figure>\n<!-- \/wp:core-embed\/youtube -->\n\n<!-- wp:core-embed\/youtube {\"url\":\"https:\/\/www.youtube.com\/watch?v=HpNwerLE2aw\\u0026t=1s\\u0026ab_channel=I%27M8HOURSAHEAD\",\"type\":\"video\",\"providerNameSlug\":\"youtube\",\"className\":\"wp-embed-aspect-16-9 wp-has-aspect-ratio\"} -->\n<figure class=\"wp-block-embed-youtube wp-block-embed is-type-video is-provider-youtube wp-embed-aspect-16-9 wp-has-aspect-ratio\"><div class=\"wp-block-embed__wrapper\">\nhttps:\/\/www.youtube.com\/watch?v=HpNwerLE2aw&amp;t=1s&amp;ab_channel=I%27M8HOURSAHEAD\n<\/div><\/figure>\n<!-- \/wp:core-embed\/youtube -->\n\n<!-- wp:core-embed\/youtube {\"url\":\"https:\/\/www.youtube.com\/watch?v=h0gmGcwqYUA\",\"type\":\"video\",\"providerNameSlug\":\"youtube\",\"className\":\"wp-embed-aspect-16-9 wp-has-aspect-ratio\"} -->\n<figure class=\"wp-block-embed-youtube wp-block-embed is-type-video is-provider-youtube wp-embed-aspect-16-9 wp-has-aspect-ratio\"><div class=\"wp-block-embed__wrapper\">\nhttps:\/\/www.youtube.com\/watch?v=h0gmGcwqYUA\n<\/div><\/figure>\n<!-- \/wp:core-embed\/youtube -->\n\n<!-- wp:core-embed\/youtube {\"url\":\"https:\/\/www.youtube.com\/watch?v=ex6bqqYaLBw\\u0026t=2s\",\"type\":\"video\",\"providerNameSlug\":\"youtube\",\"className\":\"wp-embed-aspect-16-9 wp-has-aspect-ratio\"} -->\n<figure class=\"wp-block-embed-youtube wp-block-embed is-type-video is-provider-youtube wp-embed-aspect-16-9 wp-has-aspect-ratio\"><div class=\"wp-block-embed__wrapper\">\nhttps:\/\/www.youtube.com\/watch?v=ex6bqqYaLBw&amp;t=2s\n<\/div><\/figure>\n<!-- \/wp:core-embed\/youtube -->\n\n<!-- wp:core-embed\/youtube {\"url\":\"https:\/\/www.youtube.com\/watch?v=XQWusDP10I0\",\"type\":\"video\",\"providerNameSlug\":\"youtube\",\"className\":\"wp-embed-aspect-16-9 wp-has-aspect-ratio\"} -->\n<figure class=\"wp-block-embed-youtube wp-block-embed is-type-video is-provider-youtube wp-embed-aspect-16-9 wp-has-aspect-ratio\"><div class=\"wp-block-embed__wrapper\">\nhttps:\/\/www.youtube.com\/watch?v=XQWusDP10I0\n<\/div><\/figure>\n<!-- \/wp:core-embed\/youtube -->\n\n<!-- wp:core-embed\/youtube {\"url\":\"https:\/\/www.youtube.com\/watch?v=9obpFdtjZaQ\",\"type\":\"video\",\"providerNameSlug\":\"youtube\",\"className\":\"wp-embed-aspect-16-9 wp-has-aspect-ratio\"} -->\n<figure class=\"wp-block-embed-youtube wp-block-embed is-type-video is-provider-youtube wp-embed-aspect-16-9 wp-has-aspect-ratio\"><div class=\"wp-block-embed__wrapper\">\nhttps:\/\/www.youtube.com\/watch?v=9obpFdtjZaQ\n<\/div><\/figure>\n<!-- \/wp:core-embed\/youtube -->\n\n<!-- wp:core-embed\/youtube {\"url\":\"https:\/\/www.youtube.com\/watch?v=hiurHCB7mJk\",\"type\":\"video\",\"providerNameSlug\":\"youtube\",\"className\":\"wp-embed-aspect-16-9 wp-has-aspect-ratio\"} -->\n<figure class=\"wp-block-embed-youtube wp-block-embed is-type-video is-provider-youtube wp-embed-aspect-16-9 wp-has-aspect-ratio\"><div class=\"wp-block-embed__wrapper\">\nhttps:\/\/www.youtube.com\/watch?v=hiurHCB7mJk\n<\/div><\/figure>\n<!-- \/wp:core-embed\/youtube -->\n\n<!-- wp:core-embed\/youtube {\"url\":\"https:\/\/www.youtube.com\/watch?v=u3dc4fXIFvw\",\"type\":\"video\",\"providerNameSlug\":\"youtube\",\"className\":\"wp-embed-aspect-16-9 wp-has-aspect-ratio\"} -->\n<figure class=\"wp-block-embed-youtube wp-block-embed is-type-video is-provider-youtube wp-embed-aspect-16-9 wp-has-aspect-ratio\"><div class=\"wp-block-embed__wrapper\">\nhttps:\/\/www.youtube.com\/watch?v=u3dc4fXIFvw\n<\/div><\/figure>\n<!-- \/wp:core-embed\/youtube -->","_et_gb_content_width":"1080","footnotes":""},"class_list":["post-1931","page","type-page","status-publish","hentry"],"_links":{"self":[{"href":"https:\/\/im8hoursahead.com\/cat\/wp-json\/wp\/v2\/pages\/1931","targetHints":{"allow":["GET"]}}],"collection":[{"href":"https:\/\/im8hoursahead.com\/cat\/wp-json\/wp\/v2\/pages"}],"about":[{"href":"https:\/\/im8hoursahead.com\/cat\/wp-json\/wp\/v2\/types\/page"}],"author":[{"embeddable":true,"href":"https:\/\/im8hoursahead.com\/cat\/wp-json\/wp\/v2\/users\/8"}],"replies":[{"embeddable":true,"href":"https:\/\/im8hoursahead.com\/cat\/wp-json\/wp\/v2\/comments?post=1931"}],"version-history":[{"count":14,"href":"https:\/\/im8hoursahead.com\/cat\/wp-json\/wp\/v2\/pages\/1931\/revisions"}],"predecessor-version":[{"id":3399,"href":"https:\/\/im8hoursahead.com\/cat\/wp-json\/wp\/v2\/pages\/1931\/revisions\/3399"}],"wp:attachment":[{"href":"https:\/\/im8hoursahead.com\/cat\/wp-json\/wp\/v2\/media?parent=1931"}],"curies":[{"name":"wp","href":"https:\/\/api.w.org\/{rel}","templated":true}]}}